 Determine n(-18).
1139
Let v(s) = 48655*s - 4573565. What is v(94)?
5
Let y(u) = u**3 - 127*u**2 + 642*u + 61780. Calculate y(117).
4
Let r(g) = -266*g**2 - 10434*g - 20865. Give r(-2).
-1061
Let l(x) = -43*x**2 + 556*x + 16. What is l(13)?
-23
Let q(w) = 291*w - 28875. Determine q(102).
807
Let m(c) = -268925*c + 1613603. Determine m(6).
53
Let l(x) = -38*x**2 - 311*x + 12948. Give l(-23).
-1
Let x(t) = -t**3 - 60*t**2 - 800*t - 387. Calculate x(-19).
12
Let b(h) = 141*h**2 - 5*h - 4. What is b(-1)?
142
Let l(v) = 4037*v + 435776. What is l(-108)?
-220
Let u(m) = -2*m**2 + 11*m + 1030. Calculate u(23).
225
Let f(t) = 22*t**2 + 4731*t + 235. Calculate f(-215).
20
Let q(x) = 3*x**2 + 269*x + 2776. What is q(-12)?
-20
Let v(n) = -2*n**3 - 10*n**2 + 21*n + 99. Calculate v(-8).
315
Let a(h) = 3714*h + 687. Determine a(0).
687
Let l(z) = z**3 - 197*z**2 + 962*z - 616. Determine l(192).
-232
Let i(a) = 482*a - 35. Calculate i(-4).
-1963
Let l(j) = -585*j + 5429. Determine l(11).
-1006
Let p(a) = -8*a**3 - 3*a**2 + 810*a + 42. Determine p(0).
42
Let k(c) = 273*c**3 + 22*c**2 - 235*c - 258. What is k(-1)?
-274
Let g(k) = -8*k**2 - 416*k + 256. Determine g(-53).
-168
Let m(x) = x**3 + 14*x**2 - 1679*x - 10035. Calculate m(-6).
327
Let n(k) = -10*k**3 - 20*k**2 - 4*k + 32. Determine n(-5).
802
Let w(l) = 6*l**3 + 557*l**2 - 1228*l + 657. Calculate w(-95).
-8
Let x(m) = 10*m**2 - 31*m - 91. Give x(14).
1435
Let r(z) = z**3 - 4*z**2 - 306*z - 1587. Give r(-7).
16
Let m(z) = 465*z**2 - 184*z - 373. Give m(-2).
1855
Let m(k) = 226*k - 25837. Calculate m(115).
153
Let f(s) = 190*s + 32364. Determine f(-170).
64
Let q(h) = 331*h**2 + 19532*h + 68. Calculate q(-59).
-109
Let x(s) = -2*s**3 - 22*s**2 - 42*s + 29. Give x(-7).
-69
Let i(j) = -193*j**2 + 1582*j. Calculate i(8).
304
Let f(b) = 2*b**2 + 140*b + 1388. Give f(-74).
1980
Let d(k) = -81477*k - 162962. What is d(-2)?
-8
Let w(a) = -10773*a + 3178065. Determine w(295).
30
Let t(g) = 2*g**3 + 6*g**2 - 32261*g - 64537. Determine t(-2).
-7
Let m(v) = 4*v**3 - 119*v**2 + 163*v - 4106. Determine m(30).
1684
Let i(s) = 2*s**2 + 194*s + 3896. Give i(-64).
-328
Let d(m) = 5*m**2 - 187*m + 647. Give d(33).
-79
Let o(r) = -168808*r + 34774448. Determine o(206).
0
Let m(k) = -k**2 - 194*k - 6754. What is m(-53)?
719
Let p(k) = k + 294. Determine p(-65).
229
Let w(p) = -35232*p - 2818559. What is w(-80)?
1
Let f(c) = -2264*c + 47509. What is f(21)?
-35
Let i(s) = 13979*s - 41954. Give i(3).
-17
Let o(s) = -184*s - 8555. Calculate o(-46).
-91
Let c(a) = 32*a**3 + 5*a**2 + 31*a + 84. Give c(-3).
-828
Let x(l) = 21442*l - 127916. Calculate x(6).
736
Let b(y) = y**2 + 1922*y - 11501. Determine b(6).
67
Let z(o) = 5*o**3 + 11*o**2 + 72*o + 91. What is z(-2)?
-49
Let a(h) = 6*h**2 - 207*h + 1239. Determine a(16).
-537
Let l(b) = 7*b**3 - 1121*b**2 + 161*b - 35. Calculate l(160).
125
Let d(q) = -19*q**2 + 425*q - 80. What is d(23)?
-356
Let g(u) = 16889*u + 14777863. What is g(-875)?
-12
Let i(s) = s**3 - 10*s**2 + 41*s - 37. Calculate i(6).
65
Let g(r) = -1760*r + 26535. What is g(15)?
135
Let h(i) = -i**3 + 51*i**2 + 61*i - 2890. Give h(51).
221
Let c(b) = -7*b**2 + 3263*b - 16093. Calculate c(5).
47
Let x(m) = -m**3 + 4*m**2 + 690*m - 5101. Calculate x(24).
-61
Let x(t) = t**3 + 149*t**2 + 286*t - 1037. Give x(-147).
139
Let o(g) = -2*g**3 + 164*g**2 + 21*g - 1471. Give o(82).
251
Let u(b) = -2*b**2 + 3166*b - 28323. What is u(9)?
9
Let u(n) = -3*n**3 + 17*n**2 + 4014*n - 28093. Determine u(7).
-191
Let q(b) = -14862*b + 430966. Calculate q(29).
-32
Let v(d) = -180*d - 3846. Give v(-21).
-66
Let i(w) = 2*w**2 - 198*w + 4011. Give i(29).
-49
Let u(g) = 6*g + 986. Give u(-16).
890
Let p(y) = -2396*y - 43165. What is p(-18)?
-37
Let d(s) = -s**3 + 495*s**2 - 24582*s + 338684. Calculate d(441).
-4
Let n(x) = -16012*x + 7589669. Determine n(474).
-19
Let v(o) = o**3 + 28*o**2 + 57*o + 437. Calculate v(-27).
-373
Let z(v) = -15194*v - 759730. What is z(-50)?
-30
Let w(b) = -27*b**3 - 463*b**2 + 74*b + 2425. Determine w(-17).
11
Let j(q) = 2*q**2 - 553*q + 10847. Give j(20).
587
Let q(v) = 4212*v - 101080. Give q(24).
8
Let i(n) = -2*n**2 - 1444*n - 25324. Determine i(-18).
20
Let j(q) = q**3 + 8*q**2 + 9296*q + 55776. What is j(-6)?
72
Let i(c) = 637281*c + 9. Calculate i(0).
9
Let u(d) = -1232*d - 8654. What is u(-7)?
-30
Let a(w) = w**3 - 163*w**2 + 3813*w - 562082. Calculate a(161).
-31
Let o(v) = -v**3 - 38*v**2 + 46*v + 909. Give o(-34).
-5279
Let b(w) = 10*w**3 - 2*w**2 + 5*w + 40. Calculate b(3).
307
Let b(j) = -20320*j - 203204. Determine b(-10).
-4
Let l(v) = -95*v**2 + 2143*v + 120. Determine l(21).
3228
Let i(t) = 93962*t - 4792039. Determine i(51).
23
Let g(u) = -269*u - 13143. What is g(-51)?
576
Let d(s) = -77*s**2 + 44763*s - 15111. Give d(581).
-5
Let k(w) = 13668*w + 54438. Give k(-4).
-234
Let x(v) = -v**2 - 640*v - 42539. Determine x(-76).
325
Let c(b) = b**2 - 472*b - 27307. Determine c(-52).
-59
Let q(v) = v**3 + 109*v**2 - 672*v - 11618. Determine q(-114).
10
Let i(x) = 12*x**3 + 7*x**2 - 375*x - 1171. Give i(-3).
-307
Let v(w) = -w**3 + 397*w**2 + 4088*w - 7339. What is v(407)?
-13
Let u(w) = w**2 + 624*w - 40093. Calculate u(61).
1692
Let i(w) = 11*w**3 - 13*w**2 + 15. Determine i(-1).
-9
Let d(v) = v**3 + 12*v**2 + 22*v + 23. What is d(-10)?
3
Let t(d) = -d**2 - 22*d + 177. Give t(-29).
-26
Let j(d) = -72472*d - 3116238. Determine j(-43).
58
Let r(q) = -2*q**3 + 31*q**2 - 593*q + 13818. What is r(22)?
-5520
Let u(d) = 6*d**3 - 621*d**2 - 289*d - 2364. Give u(104).
28
Let t(q) = -922*q - 3348. Determine t(0).
-3348
Let z(q) = 14890*q + 387089. Determine z(-26).
-51
Let k(g) = -3*g**3 + 269*g**2 + 541*g + 2. Give k(-2).
20
Let f(g) = g**3 + 119*g**2 - 371*g + 407. What is f(-122)?
1017
Let m(t) = -4375*t + 26720. What is m(6)?
470
Let n(f) = 2*f**3 + 32*f**2 + 332*f + 4541. Give n(-15).
11
Let b(q) = q**2 + 1133*q + 171544. What is b(-180)?
4
Let m(x) = -2*x**2 + 4308*x - 42909. What is m(10)?
-29
Let t(i) = -i**3 + 164*i**2 - 2683*i - 10438. What is t(145)?
2
Let p(f) = f**3 - 146*f**2 - 120*f - 3942. Calculate p(147).
27
Let s(q) = -q**3 + 21*q**2 - 185*q - 1114. Give s(-4).
26
Let s(v) = 5294*v - 79494. Calculate s(14).
-5378
Let y(f) = -f**3 + 184*f**2 + 1698*f - 11. What is y(-9)?
340
Let i(s) = s**3 + 720*s**2 + 2008*s - 102531. Give i(-717).
0
Let r(s) = 290*s + 14743. What is r(-50)?
243
Let j(q) = -2*q**3 + 34*q**2 + 27525*q - 413772. Give j(15).
3
Let w(u) = -12091*u**2 + 60458*u + 7. What is w(5)?
22
Let q(r) = r**3 - 129*r**2 - 285*r + 2948. Calculate q(131).
-65
Let v(m) = 9*m**3 + 22*m**2 + 32*m - 84. Calculate v(3).
453
Let r(j) = -5*j**2 - 845*j - 1543. Calculate r(-167).
127
Let h(f) = -2*f**3 - 4*f**2 + 723*f + 2151. Give h(-3).
0
Let b(u) = -13*u**2 + 459*u - 2251. What is b(30)?
-181
Let b(v) = -757*v - 23758. Calculate b(-31).
-291
Let t(y) = -y**2 + 107*y + 1578. Determine t(122).
-252
Let w(a) = -a**3 + 87*a**2 - 88*a - 13669. Calculate w(84).
107
Let b(r) = r**3 + 22*r**2 - 147*r - 2808. What is b(-23)?
44
Let y(q) = 30308*q + 181879. Determine y(-6).
31
Let z(v) = 3101*v + 12325. Give z(-4).
-79
Let v(r) = 4*r**3 + 86*r**2 + 683*r + 79. Calculate v(-13).
-3054
Let w(i) = -3*i**2 + 301*i + 5532. What is w(-16)?
-52
Let a(z) = 2*z**2 - 362*z + 5537. Determine a(17).
-39
Let z(w) = -1613606*w + 29044910. Give z(18).
2
Let i(n) = n**3 + 8*n**2 - 6412*n - 51308. What is i(-8)?
-12
Let k(y) = 4430*y - 110672. Calculate k(25).
78
Let i(d) = d**3 - 198*d**2 - 99*d - 19919. Give i(199).
-19
Let u(v) = 12150*v + 255157. Give u(-21).
7
Let p(j) = -1576380*j + 9458209. Calculate p(6).
-71
Let g(j) = 2*j**3 - 95*j**2 + 1130*j + 31. Determine g(24).
79
Let d(t) = 216344*t + 649040. Determine d(-3).
8
Let z(i) = 2*i**3 + 1817*i**2 + 2724*i + 2743. What is z(-907)?
22
Let r(d) = -37937*d + 1251861. What is r(33)?
-60
Let t(p) = -39013*p + 390190. Calculate t(10).
60
Let v(q) = 61*q - 177. Determine v(36).
2019
Let b(z) = -43*z**3 - 262*z**2 - 226*z - 6. Determine b(-5).
-51
Let i(h) = 288*h**2 - 1925*h - 610. Determine i(7).
27
Let t(s) = -876*s + 31540. Calculate t(36).
4
Let d(w) = 175*w**2 + 537*w - 1634. Calculate d(3).
1552
Let z(x) = 10*x**2 + 627*x - 1849. Determine z(-67).
1032
Let